 what is 487 - -23?
510
In base 15, what is c4 + -4?
c0
In base 9, what is -3 - -1461?
1457
In base 3, what is 2 - 2221212?
-2221210
In base 13, what is -1c - 5?
-24
In base 6, what is -50 - 11?
-101
In base 11, what is 0 + 8?
8
In base 16, what is 1d9 + 9?
1e2
In base 13, what is 307 + -5?
302
In base 8, what is -1504 - 5?
-1511
In base 9, what is 2 + -676?
-674
In base 2, what is 10 + 1000010?
1000100
In base 8, what is -2101 - -14?
-2065
In base 16, what is 3 - 1?
2
In base 10, what is 49 + 5?
54
In base 3, what is 2020 - -112?
2202
In base 8, what is -4 - -6632?
6626
In base 13, what is 95 - 2?
93
In base 4, what is 10102 + -11?
10031
In base 14, what is 9 - -16?
21
In base 3, what is 2010 - -12100?
21110
In base 8, what is -71 + -10?
-101
In base 4, what is 12333 - 3?
12330
In base 12, what is 12 - 4?
a
In base 14, what is -1ba + -c?
-1c8
In base 6, what is -5514 + -1?
-5515
In base 13, what is 1 + -354?
-353
In base 5, what is 30034 + -3?
30031
In base 10, what is -40 + 4?
-36
In base 15, what is -5aa - 6?
-5b1
In base 14, what is -2505 + 3?
-2502
In base 4, what is -1122221 + -3?
-1122230
In base 14, what is 5 + 44?
49
In base 6, what is -23 - -302?
235
In base 8, what is -2 - 303?
-305
In base 11, what is 0 + -210a?
-210a
In base 8, what is 3 + -171?
-166
In base 8, what is -4507 + 12?
-4475
In base 16, what is b - 28?
-1d
In base 3, what is -20111 - 1?
-20112
In base 5, what is -23030 - 4?
-23034
In base 16, what is 5d + -aa?
-4d
In base 6, what is -11 - 121?
-132
In base 8, what is -15 - -20?
3
In base 16, what is 1 - 12cd?
-12cc
In base 3, what is 11 - 120?
-102
In base 6, what is 21 + -1425?
-1404
In base 3, what is -1022 + -11?
-1110
In base 7, what is 5 - -564?
602
In base 4, what is 11123000 + -1?
11122333
In base 4, what is 3 + -202?
-133
In base 16, what is -1 - -776?
775
In base 6, what is -5 + -543?
-552
In base 11, what is -3 + 3?
0
In base 11, what is -99 - 1?
-9a
In base 11, what is 37 - 8?
2a
In base 9, what is -21 - 867?
-888
In base 8, what is -3 + 2?
-1
In base 16, what is 5 - 4e5?
-4e0
In base 11, what is 3 + -96?
-93
In base 8, what is 14 - 2?
12
In base 13, what is 5aa + 0?
5aa
In base 12, what is -16 - 5?
-1b
In base 16, what is 3 + 5b?
5e
In base 15, what is -5 - -96?
91
In base 8, what is 1 + 0?
1
In base 3, what is 1 - 112?
-111
In base 12, what is -2 + -b94?
-b96
In base 6, what is -323 - 34?
-401
In base 6, what is 1 + -25?
-24
In base 8, what is 770 + 6?
776
In base 11, what is 65 + 4?
69
In base 10, what is 22 + 9?
31
In base 3, what is -20012 + -1?
-20020
In base 9, what is 10 - 632?
-622
In base 10, what is 2 + 69?
71
In base 9, what is 84 + -10?
74
In base 9, what is -5 + -20?
-25
In base 4, what is -3 - 1031?
-1100
In base 11, what is -522 - -4?
-519
In base 10, what is -2 - 18?
-20
In base 2, what is 11000110 + 0?
11000110
In base 3, what is -11 - 2120?
-2201
In base 7, what is 144 - 4?
140
In base 12, what is 2075 - 2?
2073
In base 2, what is 1000111111 - -1001?
1001001000
In base 16, what is -2 + 105?
103
In base 10, what is 466 + 5?
471
In base 3, what is 202 + 2101?
10010
In base 3, what is 12010002 - 0?
12010002
In base 2, what is 10110101 + -100?
10110001
In base 8, what is -63 + -12?
-75
In base 2, what is 1011111010 - -1?
1011111011
In base 8, what is 13 - -26?
41
In base 14, what is -2ba + 0?
-2ba
In base 6, what is 20 - 220?
-200
In base 15, what is -1c13 - 4?
-1c17
In base 14, what is 33 + -5?
2c
In base 2, what is -1011 - -10?
-1001
In base 8, what is 31 - -67?
120
In base 10, what is 9 - -313?
322
In base 13, what is 5 - -6c?
74
In base 16, what is -721 + -6?
-727
In base 16, what is 16 - 5?
11
In base 5, what is 10 - 341?
-331
In base 6, what is -4004 + 0?
-4004
In base 2, what is -111010 - 1101011?
-10100101
In base 15, what is 51 + 2?
53
In base 4, what is -1 + -211?
-212
In base 9, what is 65 + 10?
75
In base 11, what is -3078 + -4?
-3081
In base 2, what is -10 - 100111110?
-101000000
In base 11, what is 1772 + -1?
1771
In base 2, what is 101 - 1111110011?
-1111101110
In base 2, what is 11 - 110001?
-101110
In base 15, what is -2 + -141?
-143
In base 4, what is -23 + -110?
-133
In base 12, what is 17 - 5?
12
In base 10, what is -17032 + 5?
-17027
In base 16, what is 4 + 189?
18d
In base 7, what is 2 - -31?
33
In base 13, what is 41 + -8?
36
In base 10, what is -3 - 242?
-245
In base 14, what is 5 + -41?
-3a
In base 13, what is -416 - 1?
-417
In base 4, what is -110 - 30?
-200
In base 6, what is -1 - -441?
440
In base 11, what is 5 + -41?
-37
In base 8, what is 5 - 1616?
-1611
In base 15, what is -9 - 33?
-3c
In base 6, what is -113 + -11?
-124
In base 3, what is -2121 - 0?
-2121
In base 12, what is 712 - -8?
71a
In base 4, what is -10 + -10212?
-10222
In base 2, what is 0 + 11011110?
11011110
In base 3, what is -11201211 + 12?
-11201122
In base 16, what is -4 - 52?
-56
In base 13, what is -3 - 62?
-65
In base 13, what is 584 + 14?
598
In base 4, what is -123 - 1?
-130
In base 16, what is 5 - 3c?
-37
In base 12, what is -b5 + -1?
-b6
In base 6, what is -2 - -13131?
13125
In base 7, what is 13 - -23?
36
In base 12, what is -a96 - 1?
-a97
In base 13, what is -1 + -133?
-134
In base 2, what is 1110 - -111?
10101
In base 4, what is -1013301 - -2?
-1013233
In base 14, what is 46 + 4d?
95
In base 12, what is 4 + -312a?
-3126
In base 5, what is -124143 + 10?
-124133
In base 16, what is 0 - db?
-db
In base 7, what is -4 + 110?
103
In base 7, what is 121 - -24?
145
In base 15, what is -2 - -48?
46
In base 11, what is -5 + 348?
343
In base 9, what is 225 + 1?
226
In base 10, what is 105 + 5?
110
In base 4, what is -2 - -231?
223
In base 4, what is -3113 - 11?
-3130
In base 12, what is -84 - -133?
6b
In base 5, what is 120 - 2?
113
In base 8, what is 1002 + -4?
776
In base 7, what is 64 - 126?
-32
In base 2, what is 101011100 + 101?
101100001
In base 11, what is -5 + 37?
32
In base 5, what is 3 - 2023?
-2020
In base 9, what is 3 - 1526?
-1523
In base 14, what is 34 - 3?
31
In base 2, what is 101 + -101011010111?
-101011010010
In base 10, what is 15 + 7?
22
In base 14, what is 2 - -26?
28
In base 14, what is 213 - -3?
216
In base 10, what is 2760 + -4?
2756
In base 14, what is 4 - -1b?
21
In base 7, what is 54 + -14?
40
In base 16, what is -1d + 0?
-1d
In base 4, what is -11 + -2201?
-2212
In base 5, what is -103 - -101?
-2
In base 8, what is -231 - 3?
-234
In base 2, what is -11010010100001 + 1?
-11010010100000
In base 2, what is -10100 + -10011110?
-10110010
In base 13, what is -18a + 1?
-189
In base 13, what is -2 - 7a?
-7c
In base 12, what is -2 + -27?
-29
In base 3, what is -1112 - 20?
-1202
In base 2, what is -1100 + 1111?
11
In base 8, what is -4563 - 2?
-4565
In base 15, what is 22 + 38?
5a
In base 16, what is -2 - -1c?
1a
In base 7, what is -1035 + 0?
-1035
In base 13, what is b0 - -2?
b2
In base 13, what is 3 - -8?
b
In base 9, what is -14 + -165?
-180
In base 12, what is 8a - 8b?
-1
In base 12, what is 4303 + -5?
42ba
In base 8, what is -41 + -252?
-313
In base 12, what is -4 - -322?
31a
In base 12, what is 2 - -3a1?
3a3
In base 11, what is -14 + 3?
-11
In base 3, what is -12222 - 0?
-12222
In base 13, what is 2854 + 4?
2858
In base 8, what is -231 + -6?
-237
In base 7, what is 1 + -254?
-253
In base 13, what is 82b6 - 1?
82b5
In base 9, what is 16821 + -2?
16818
In base 2, what is -101 + -111?
-1100
In base 10, what is 39 - 232?
-193
In base 16, what is -2 + 9?
7
In base 7, what is 5 + 4?
12
In base 2, what is 10111011010111 + -10?
10111011010101
In base 2, what is -11110 + 10?
-11100
In base 15, what is 0 + -7?
-7
In base 7, what is -114 + 0?
-114
In base 9, what is -3 + -614?
-617
In base 14, what is 53 - -27?
7a
In base 4, what is 221 + 122?
1003
In base 12, what is -3 - -195b?
1958
In base 9, what is 1 - 100?
-88
In base 8, what is 12621 - -5?
12626
In base 12, what is -2b - -8?
-23
In base 14, what is -328 + 2?
-326
In base 15, what is 1 - 8b?
-8a
In base 16, what is 6f + -3?
6c
In base 12, what is 36 + -112?
-98
In base 12, what is -975 + 1?
-974
In base 4, what is 20 + 2113?
2133
In base 14, what is -3 - -255?
252
In base 5, what is -122 + 220?
43
In base 9, what is 5 + -1121?
-1115
In base 8, what is -41 - -2?
-37
In base 11, what is -6 + -a?
-15
In base 7, what is 312 + 10